culate the remainder when ((-6)/(-4))/((-2)/144*136/(-2346)) is divided by 459.
27
Let w(j) = -j**2 - 5*j - 23. Let g be w(-7). Let u = g + 42. Suppose -q + 5*p + u - 2 = 0, 4*p = 4*q - 76. Calculate the remainder when q is divided by 13.
10
Suppose -2*q = 5*k - 6865, -54*q - 10371 = -57*q + 3*k. Calculate the remainder when q is divided by 64.
58
Suppose z = 5*w + 25 - 354, -21 = w + 6*z. Calculate the remainder when -138*(-2 - 8/(-6)) is divided by w.
29
Let k be (-1)/(-4) - 78/(-8). Let z(w) = -w**3 + 10*w**2 + 4*w + 13. Let g = 2311 - 2297. Calculate the remainder when z(k) is divided by g.
11
Let s = -2099 - -2198. What is the remainder when 1285 is divided by s?
97
Suppose 0 = 36*k - 38*k - 2*n + 34, -4*k - 3*n = -64. Calculate the remainder when 393 is divided by k.
3
Suppose 0 = 110*f + 184 - 37364. What is the remainder when f is divided by 0/8 + (2 - -16)?
14
Let z = -11218 + 12671. Calculate the remainder when z is divided by 237.
31
Let q = -28 - -39. Suppose 0 = 17*c + 115 - 149. Calculate the remainder when q is divided by 48/80*(c + 3).
2
Let b(n) = 16*n + 11 + 2 - 4 - 2. Let p(y) = -16*y - 7. Let c(g) = -5*b(g) - 4*p(g). Calculate the remainder when c(-3) is divided by 14.
13
Let v(b) = -b**2 - 8*b + 318. What is the remainder when v(-16) is divided by 15?
10
Let i = 30 + -17. Calculate the remainder when ((-14)/(-7))/((-2)/(-11)) is divided by (-2)/6*(4 - i).
2
Suppose -o - 4*z = -5, 2*o - 19 = -2*z - 3*z. What is the remainder when 2431/(-143) + (-303)/(-3) is divided by o?
16
Let s(v) = -30*v - 7. Suppose -7*p + 4*u = -3*p + 8, -6 = 3*p + u. Calculate the remainder when s(p) is divided by 18.
17
Let d be 0 + 2 - ((-8 - -6) + -333). Let w = d + -290. What is the remainder when 183 is divided by w?
42
Let m = -5124 + 5158. What is the remainder when 80 is divided by m?
12
Let i(h) = -h + 6. Let z be i(4). Let v be 1 + z + -3 - 0. Suppose v = -7*u - 2*u + 531. Calculate the remainder when u is divided by 21.
17
Let k = 12 + -22. Suppose -y = 11 + 9. What is the remainder when 19 is divided by (k/y)/(1/22)?
8
Let q(b) be the first derivative of -3 - 5 + 4 + 11 + b**2 + 49*b. What is the remainder when 46 is divided by q(-12)?
21
Suppose 5*m = -x - 10, -m + 1 = -x + 9. Suppose -5*k = -k - v - 136, -x*k + 3*v + 170 = 0. Calculate the remainder when 111 is divided by k.
9
Calculate the remainder when ((-78)/(-234))/(0 + 1/17991) is divided by 32.
13
Calculate the remainder when (9 + (-182)/21)*-12 + 185 is divided by 33.
16
Suppose 7*o - 8456 = -16*o + 261. What is the remainder when o is divided by 28?
15
Let p(g) = 11*g + 116. Let d be p(-9). Suppose -20 = -t + 3*j, -t + d*j + 22 = 13*j. What is the remainder when 56 is divided by t?
0
Suppose 468 = 79*p - 6. Calculate the remainder when 64 is divided by p.
4
Let r = -3904 - -3950. Calculate the remainder when 294 is divided by r.
18
Let o = -391 - -451. Let l(t) = 4*t - 2. Calculate the remainder when ((-130)/8)/((-15)/o) is divided by l(6).
21
Let p be (-2782)/(-4) - 5 - 15/(-10). Let x = p - 648. Calculate the remainder when 525 is divided by x.
41
Suppose n = -4*n - 50. Let p be (135/n)/9 - (-2790)/4. Calculate the remainder when 32/(-40) - p/(-20) is divided by 8.
2
Let y(p) = -p**2 - 9*p - 15. Let o be y(-4). Suppose -3*m + 118 = o*q, -5*m = 4*q - 2*q - 51. What is the remainder when 65 is divided by q?
19
Let q(s) = -16*s**2 + 171*s - 17. Calculate the remainder when 1221 is divided by q(10).
12
Let o(t) = -t + 7. Let l(q) = q - 8. Let y(x) = -7*l(x) - 6*o(x). Let z be y(6). What is the remainder when (408/(-18))/(-2 - z/(-6)) is divided by 5?
4
Suppose 27*z = 9*z + 774. What is the remainder when 1193 is divided by z?
32
Suppose -g = 4*s - 142, 4*s + 254 = 4*g - 14. Let l = -115 - -220. Suppose -l = -2*f - 3*f. What is the remainder when g is divided by f?
19
Suppose -3*c = -3*p - 144, -2 - 6 = -2*p. Suppose -6*a + 26 + c = 0. Suppose -a - 2 = -5*f. Calculate the remainder when f is divided by 2.
1
Let s = -3971 + 4045. What is the remainder when 93 is divided by s?
19
Suppose -5*c + 5*y = -165, -13*y + 92 = 3*c - 15*y. Calculate the remainder when 1192 is divided by c.
22
Let h(c) = 11*c + 26. Let w be h(-6). Let v be w/(-22) + (-32)/(-176). Suppose -5*k - 1 = 4, v*t - 3*k - 5 = 0. Calculate the remainder when 5 is divided by t.
0
Suppose 0 = -5*l + 10*l + 10. Let g = l - -45. Suppose g = 3*m + 10. Calculate the remainder when m is divided by 5.
1
Let k = -29 + 73. Suppose 22*l + 3454 = k*l. What is the remainder when l is divided by 45?
22
Let d = 268 - 183. Suppose -7*b - 195 = d. What is the remainder when 44 is divided by 1/(-4) - 650/b?
12
Let c be (-6702)/(-18) + 8/3 + -2. Let k = 387 - c. Calculate the remainder when 55 is divided by k.
13
Suppose -a + 104 = a. Let p(l) = 6*l**3 - 43*l**2 + 59*l + 106. Calculate the remainder when p(5) is divided by 3/(2/a*3).
24
Let a be ((216/(-45))/12)/((-2)/20). Let c = 4 - 2. Suppose -2*v = -4*g - 14, -c*v - v + 31 = -a*g. What is the remainder when v is divided by 5?
2
What is the remainder when 265 is divided by 2/((9/(-3))/((-819)/6))?
83
Suppose 49*b - 11325 = -102*b. Calculate the remainder when 142 is divided by b.
67
Calculate the remainder when 8/5*(1 - (-2822)/8) is divided by 510.
56
Suppose -7*l + 864 = 430. Calculate the remainder when 307 is divided by l.
59
Let o = 75 + 78. Let r = -175 + 40. Calculate the remainder when o is divided by (-25)/(-5)*9/(r/(-78)).
23
Let d(x) = 8*x + 4. Let m be d(3). Let a be m/21 - 8/6. Suppose 84 = 5*n - g, a*g + 2*g = 2. What is the remainder when 169 is divided by n?
16
Calculate the remainder when 736 is divided by (-170)/(-34)*(-164)/(-10).
80
Suppose 2*b - 44 = -6*f + 2*f, -5*b + 70 = 2*f. What is the remainder when 93 is divided by ((-25)/4)/((-3)/b)?
18
Let u(v) = -9*v**2 + 156*v - 20. Calculate the remainder when 67 is divided by u(17).
5
Suppose 1812 - 10964 = -64*l. What is the remainder when l is divided by 7?
3
Let m(z) = -z - 5 - 1 + 3*z + z**2. What is the remainder when 89 is divided by m(-6)?
17
Let r = -29 + 50. Let w(y) = 2*y**3 - 2*y**2 - 4*y + 1. Let j be w(4). Suppose -36 = -3*c + j. Calculate the remainder when c is divided by r.
18
Let y be -5 - (-1 + 4/8)*0. Let u = y - -61. Suppose 0 = 5*z - 77 - 78. What is the remainder when u is divided by z?
25
Let o(n) = n**3 - 45*n**2 - 482*n + 49. Calculate the remainder when 361 is divided by o(-9).
10
Let s(q) = 19*q + 1. Let o be s(2). Suppose 0 = -i - 4*i - 5, 3*i = 4*g - o. Suppose -723 = -g*d + 258. Calculate the remainder when d is divided by 14.
11
Suppose 0*n - 12 = -3*n. Let s = n + -1. Let j(g) = -g**3 + 6*g**2 + 57*g - 20. Calculate the remainder when s is divided by j(11).
1
Let q(l) = -106*l - 382. Let z(d) = 21*d + 77. Let o(v) = -2*q(v) - 11*z(v). Calculate the remainder when 116 - (3 - (-2)/(-1)) is divided by o(-6).
22
Let t(y) = -3*y**2 + y + 6. Let q(a) = -2*a**2 + a + 1. Let m(d) = -2*q(d) + t(d). What is the remainder when 77 is divided by m(4)?
13
Calculate the remainder when 1211 is divided by -642*2*5/(120/(-4)).
141
Suppose c = -2*t + 1405, -58*t = 3*c - 57*t - 4215. What is the remainder when c is divided by 100?
5
Let q = 13 - -165. Let v = -188 - -247. What is the remainder when q is divided by v?
1
Let n(u) = -u**2 - 87*u - 1436. Let h be n(-65). Let w(l) = -13*l**2 - 3*l + 2. Let x be w(-4). Calculate the remainder when x/(-3)*(-9)/h is divided by 33.
31
Suppose 159*d + 95*d - 206*d - 624 = 0. Let a(f) = 0 - 2*f - 1 - 3*f - f. Calculate the remainder when a(-3) is divided by d.
4
Let q(k) = 68 - 134*k**2 - 5*k + 3 + 123*k**2 + k**3. Calculate the remainder when 58 is divided by q(11).
10
Calculate the remainder when 77922/216 - (-1)/8*2 is divided by 28.
25
Suppose 5*a - 6*a + 135 = 4*d, -4*a + 560 = -4*d. Let i = -109 + a. Calculate the remainder when 269 is divided by i.
29
Let k = -2123 - -2221. What is the remainder when 187 is divided by k?
89
Suppose 3*i = -3*w + w + 48, 5*i = -5*w + 110. Let a be 6/(-27) + (-50)/w. What is the remainder when (-8 - -95)*(-2)/a is divided by 15?
13
Suppose -4*t - 11 = 5*b - 279, b = t + 41. Calculate the remainder when 9023 is divided by b.
47
Suppose -b - 3*h + 1 = 0, 5*h = -0*b - 3*b + 7. Suppose -399*a - 462 = -441*a. Calculate the remain